4/10. Suppose -2*l - 6 = 0, 2*v = -j*l - 5*l + 33. What is the units digit of v?
4
Let t(w) = -w**2 - 8*w + 5. Let q be t(-8). Suppose -3*f - 2*l = -547, q*f = 6*f + l - 182. What is the units digit of f?
3
Suppose -s - 24 - 48 = -2*l, -2*s - 179 = -5*l. Let q = 20 - l. Let m(p) = p**2 + 15*p + 2. What is the units digit of m(q)?
2
Suppose 5*c = -5*t - 190, 2*c = -2*c - 2*t - 146. Let o = c - -124. Let f = o + -38. What is the units digit of f?
1
Suppose -z = -b - 3*b - 518, 3*z + b - 1567 = 0. Suppose 0 = -0*x + 3*x - z. What is the tens digit of x?
7
Let a be (-76)/(-8) + (-2)/4. Suppose 0 = a*h - 11*h - 20. What is the units digit of h/3*(-18)/10?
6
Suppose -10*a - 2*u + 429 = -9*a, 2*a = 3*u + 886. What is the units digit of a?
7
Suppose 796 = 4*q - 44. Suppose -p + q = 50. Suppose -3*b - p = -c - 4*c, 2*c = -3*b + 85. What is the tens digit of c?
3
Suppose 2*t - 2*j = -9 - 3, -3*t - 13 = 2*j. What is the tens digit of ((-114)/t)/(1/5)?
1
Suppose 2*n + n = 90. Let t = 52 - n. Let p = t - -3. What is the tens digit of p?
2
Let r(a) = 662*a**2 + 10*a + 25. What is the thousands digit of r(-2)?
2
Let w(p) = 3*p**3 - 18*p**2 - 6*p. What is the tens digit of w(9)?
7
Let j(k) = 1649*k**2 - 7*k + 3. What is the tens digit of j(1)?
4
Suppose -y + 341 = -z, 277 = -3*y - 3*z + 1330. What is the units digit of y?
6
Suppose -5*s + 604 = -t, -4 + 12 = -2*t. What is the hundreds digit of s?
1
Suppose -2*r + 3 = 2*z + 1, r + 3*z - 3 = 0. Suppose 3*s + 4 + 2 = r. Let c = 4 + s. What is the units digit of c?
2
Let r(t) = t + 134. Suppose -13*n = -12*n. Let j be r(n). Suppose 4*z = -54 + j. What is the units digit of z?
0
Let g(q) = q**2 - q - 1. Let r(n) = -38*n**2 + n - 5. Let k(w) = -5*g(w) - r(w). What is the tens digit of k(-3)?
9
Suppose -2 = -x + 3*x, a - 40 = 4*x. Let z = 46 - a. What is the tens digit of z?
1
Suppose 3*f - 113 = 16. Suppose 5*j - 4*z = 445, -j = -5*j + z + 356. Let v = j - f. What is the units digit of v?
6
Let i(j) = j**2 + 4*j - 1. Let d be i(-5). Let l = 17 + -11. Suppose -d*v = -2*v - l. What is the units digit of v?
3
Let b(p) be the first derivative of 61*p**3/3 - p**2 - 3*p - 15. What is the tens digit of b(-1)?
6
Let k(i) = 23*i**2 + i - 1. Let h be k(-1). Let z = 0 + h. Let u = z - 9. What is the units digit of u?
2
Suppose -4355 = -5*o - 5*y, -152*o + 4*y - 2609 = -155*o. What is the hundreds digit of o?
8
Let g(k) = 2*k**2 + 22*k + 3. Suppose 0 = -2*q - 3*v - 9 - 10, -43 = 4*q + v. What is the units digit of g(q)?
3
Let y(n) be the second derivative of n**5/20 + 2*n**4/3 + 5*n**3/6 + 2*n**2 - 5*n. Let x be y(-7). What is the units digit of (-4)/(-6)*27/x?
1
Let g(t) = 46*t**3 - t + 1. Let k be g(1). Suppose -k = -o + 10. What is the units digit of o?
6
Let a(j) = -6*j + 29. Let i be a(5). What is the tens digit of (((-182)/(-6))/(9/(-27)))/i?
9
Suppose 34*h = 32023 + 5377. What is the tens digit of h?
0
Let f(g) = 15*g**2 + 25*g - 11. What is the units digit of f(-7)?
9
Let w(s) = 2*s**2 + 8*s + 2. Let a be 136/(-36) - 6/27. Let k be w(a). Suppose 2*g - 3*v - 138 = -25, -k*v = -2. What is the units digit of g?
8
Suppose -3*x + 5*t + 1457 = 197, -5*x + 2100 = t. Suppose -x = 5*r - 8*r. What is the tens digit of r?
4
Let b(y) = y**2 + y + 72. Let q be b(0). Suppose -9*g + q = -90. What is the tens digit of g?
1
Let r(m) = -3*m**3 + 46*m**2 - 3*m - 10. What is the hundreds digit of r(15)?
1
Let h(o) = o**2 + 26*o + 102. What is the tens digit of h(-27)?
2
Suppose 8*u - 60 = 4*u. Suppose f - 4*f = -u. Suppose f*v - 3*z - 246 = 0, -v - 2*z = -0*z - 44. What is the tens digit of v?
4
Let k = 12 + -7. Suppose -c = -x, -24 = c - 2*c - k*x. Suppose -c*t + 71 = -165. What is the units digit of t?
9
Let r = -22 - -16. Let x(m) = -2*m - 10. Let j be x(r). Suppose 2*n - 3*n + j*a + 20 = 0, n - 16 = a. What is the tens digit of n?
1
Let i = 283 + 645. What is the units digit of i?
8
Let j(a) = a**3 + 12*a**2 - 2*a + 11. Let v(g) = -g**2 + g - 1. Suppose 3*q = -q + 20. Let r(k) = q*v(k) + j(k). What is the units digit of r(-5)?
1
Let t = 592 + 833. Suppose -5*u = -0*u - t. Suppose -4*a + 3*b = -284, -u = -4*a - 5*b - 1. What is the tens digit of a?
7
Suppose 4*a = 3*w - 119, -2*w = 7*a - 2*a - 41. Suppose -g - 428 = -5*p, -4*g + w - 111 = -p. What is the units digit of p?
6
Let k(q) = -2*q**2 - 5*q - 2. Let i be k(-2). Suppose 0*c = 3*p + 2*c - 221, i = -2*c + 8. What is the units digit of p?
1
Let m(p) = p**3 + 23*p**2 - 2*p - 35. What is the tens digit of m(-22)?
9
Let z(v) = -6*v + 21. Let d(j) = -3*j + 10. Let f(s) = -5*d(s) + 2*z(s). Let l be f(6). Suppose 3*g - l = 2*g. What is the tens digit of g?
1
Let b(f) = -14 + 7 + 1 - 2*f + 15. Let q be b(-6). Suppose q = w - 31. What is the units digit of w?
2
Suppose 0 = s - 0*s. Let y = s + 99. What is the units digit of y?
9
What is the units digit of (-10)/8 - (-3112)/32?
6
Let q = 2122 - 1127. Suppose 32*h - q = 27*h. What is the tens digit of h?
9
Suppose 4*z + 2868 = 4*r, 0 = -3*r - 4*z + 2*z + 2136. What is the hundreds digit of r?
7
Let p be -1 - (-3)/(-2)*-2. Suppose -2*o - u - 2 = -0*o, -4 = o + p*u. Suppose -3*c - 3*q + 30 = o, 4*c + 0*c = 3*q + 26. What is the units digit of c?
8
Let n = -22 - -53. Suppose -1 = -o, -2*o = -t + n + 109. What is the hundreds digit of t?
1
Let v(h) = -h**2 + h + 12. Let l be v(4). Suppose -8*x + 259 + 485 = l. What is the units digit of x?
3
Suppose 5*a = -3*o + 15, -5*a + 3*o = -19 + 4. Suppose 3*d - 2 = -z - 5, -z = -a. Let i = d + 20. What is the tens digit of i?
1
Let x(o) = 60*o + 4. What is the units digit of x(5)?
4
Suppose -626*b = -612*b - 13762. What is the hundreds digit of b?
9
Let f(t) = -60*t + 157. What is the units digit of f(-9)?
7
Let a(q) = -q**3 + 8*q**2 - 6*q. Let j(p) be the second derivative of p**3/6 - p. Let f be j(7). What is the units digit of a(f)?
7
What is the units digit of -1*(0 + -91 + -1 + -1)?
3
Suppose 0 = f + 4*p - 14, 4*p + 25 = 9*p. What is the hundreds digit of 34*3/f*-9?
1
Let l(x) = -x**3 - 5*x**2 + 2*x - 8. Let b be l(-6). Let d = b + -18. Let g(j) = -3*j**3 + j - 1. What is the units digit of g(d)?
1
Let v be ((-1)/(-2))/((-5)/(-50)). Suppose -v*x + 51 = -4*z, x - 2*z = -4*z - 1. Let d = -3 + x. What is the units digit of d?
4
Let h(u) = -u**2 - u + 2. Let y be h(-4). Let g be 525/y - (-1)/(-2). Let i = -32 - g. What is the units digit of i?
1
Let a(d) = -d**2 - 6*d + 19. Let g be a(-8). Suppose g*v + 35 - 179 = 0. What is the units digit of v?
8
Suppose 0 = n + 5 - 2. Let y be 2 - (6/n + 2). Suppose -b = y*b - 117. What is the units digit of b?
9
Let t = -12 + 3. Let n(x) = x + 10. What is the units digit of n(t)?
1
Let w be (-2)/(-4) + (19450/(-4))/(-5). Suppose -217 = -14*h + w. What is the units digit of h?
5
Suppose 17*a = 12*a + 190. Let g be (-1)/(1/2) - -23. Let r = a - g. What is the units digit of r?
7
Suppose -2*i - 4*k = -2622, -2*k + 3498 = 4*i - 1746. What is the thousands digit of i?
1
Let z = -3 + 0. Let n(w) = w**2 - 2*w - 1. Let k(v) = 2*v**3 - 3*v**2 + 5*v + 4. Let t(d) = -k(d) - 4*n(d). What is the tens digit of t(z)?
3
Let l = -34 + 58. Suppose 2*w + w - 3*b = l, -2*w + 3*b + 19 = 0. Suppose 3*x - w*x + 66 = 0. What is the tens digit of x?
3
Let r(i) = 17*i + 371. What is the tens digit of r(28)?
4
Suppose -57*z - 5040 = -77*z. What is the hundreds digit of z?
2
Suppose k - 152 = -5*b - 8, 5*k - 789 = -2*b. What is the units digit of k?
9
What is the tens digit of (0 - (-2)/(-9)) + (-68471)/(-117)?
8
Suppose 38*s = 9*s + 29145. What is the hundreds digit of s?
0
Suppose -q - 2*l = -22 - 9, 0 = -3*q - 4*l + 99. What is the tens digit of q?
3
Let m = 257 + -361. Let o = m - -233. What is the hundreds digit of o?
1
Suppose 0 = 2*i - 3*l + 5*l - 18, -2*l = i - 14. What is the units digit of ((-8)/i)/(-6) + (-194)/(-3)?
5
Let i = 723 + -153. What is the units digit of i?
0
Let x(k) = 5*k + 4. Let d be x(4). Let l(r) = 9 + 5 - 16 - d*r. What is the units digit of l(-1)?
2
Suppose -1410 = 430*j - 432*j. What is the hundreds digit of j?
7
Let s = -1402 + 4291. What is the hundreds digit of s?
8
Let j = -69 + 401. What is the tens digit of j?
3
Suppose -x - 20 = 5*y, 3*x - y + 2*y + 4 = 0. Let s = x + 4. Suppose 80 = 3*f - s*h, -4*h + 6 - 2 = 0. What is the tens digit of f?
2
Let n = 2